ds digit of 7845?
7
What is the tens digit of 2220?
2
What is the ten thousands digit of 60372?
6
What is the thousands digit of 7353?
7
What is the units digit of 436?
6
What is the hundreds digit of 2980?
9
What is the units digit of 3545?
5
What is the units digit of 727?
7
What is the tens digit of 1952?
5
What is the ten thousands digit of 39158?
3
What is the ten thousands digit of 18092?
1
What is the thousands digit of 4038?
4
What is the units digit of 73211?
1
What is the ten thousands digit of 15672?
1
What is the hundreds digit of 7295?
2
What is the hundreds digit of 6977?
9
What is the hundreds digit of 3908?
9
What is the units digit of 13264?
4
What is the tens digit of 37182?
8
What is the units digit of 26090?
0
What is the hundreds digit of 537?
5
What is the tens digit of 31622?
2
What is the tens digit of 22737?
3
What is the tens digit of 50602?
0
What is the units digit of 305?
5
What is the thousands digit of 23247?
3
What is the tens digit of 614?
1
What is the ten thousands digit of 25749?
2
What is the hundreds digit of 45114?
1
What is the thousands digit of 176087?
6
What is the units digit of 1525?
5
What is the tens digit of 3615?
1
What is the units digit of 7418?
8
What is the units digit of 12382?
2
What is the tens digit of 687?
8
What is the thousands digit of 8128?
8
What is the thousands digit of 18083?
8
What is the hundreds digit of 15221?
2
What is the tens digit of 165?
6
What is the tens digit of 863?
6
What is the units digit of 42016?
6
What is the ten thousands digit of 15692?
1
What is the tens digit of 65?
6
What is the ten thousands digit of 29325?
2
What is the units digit of 1392?
2
What is the units digit of 990?
0
What is the tens digit of 66987?
8
What is the thousands digit of 4106?
4
What is the thousands digit of 25449?
5
What is the hundreds digit of 10671?
6
What is the tens digit of 7624?
2
What is the tens digit of 5378?
7
What is the tens digit of 14217?
1
What is the units digit of 7?
7
What is the hundreds digit of 553?
5
What is the ten thousands digit of 127755?
2
What is the hundreds digit of 29416?
4
What is the thousands digit of 1015?
1
What is the units digit of 5121?
1
What is the thousands digit of 9541?
9
What is the tens digit of 740?
4
What is the units digit of 45669?
9
What is the hundreds digit of 219?
2
What is the hundreds digit of 11542?
5
What is the tens digit of 6040?
4
What is the thousands digit of 2493?
2
What is the hundreds digit of 273?
2
What is the units digit of 30417?
7
What is the units digit of 51646?
6
What is the tens digit of 290?
9
What is the thousands digit of 4751?
4
What is the tens digit of 657?
5
What is the thousands digit of 3097?
3
What is the hundreds digit of 76864?
8
What is the tens digit of 1188?
8
What is the thousands digit of 6393?
6
What is the hundreds digit of 1896?
8
What is the units digit of 670?
0
What is the tens digit of 13587?
8
What is the hundreds digit of 33319?
3
What is the units digit of 473?
3
What is the units digit of 631?
1
What is the thousands digit of 16058?
6
What is the tens digit of 1819?
1
What is the tens digit of 43?
4
What is the hundreds digit of 4224?
2
What is the tens digit of 58776?
7
What is the thousands digit of 1841?
1
What is the thousands digit of 5477?
5
What is the thousands digit of 1955?
1
What is the tens digit of 1095?
9
What is the thousands digit of 14867?
4
What is the thousands digit of 2147?
2
What is the hundreds digit of 1282?
2
What is the tens digit of 4382?
8
What is the thousands digit of 47904?
7
What is the thousands digit of 7210?
7
What is the thousands digit of 40508?
0
What is the units digit of 1368?
8
What is the tens digit of 17830?
3
What is the units digit of 1310?
0
What is the tens digit of 53817?
1
What is the units digit of 4354?
4
What is the units digit of 2113?
3
What is the tens digit of 1057?
5
What is the hundreds digit of 256?
2
What is the hundreds digit of 32821?
8
What is the units digit of 929?
9
What is the thousands digit of 3532?
3
What is the hundreds digit of 420?
4
What is the units digit of 287?
7
What is the hundreds digit of 574?
5
What is the hundreds digit of 1710?
7
What is the hundreds digit of 809?
8
What is the hundreds digit of 763?
7
What is the tens digit of 175415?
1
What is the hundreds digit of 104?
1
What is the units digit of 4232?
2
What is the units digit of 1920?
0
What is the hundreds digit of 120?
1
What is the units digit of 24198?
8
What is the tens digit of 979?
7
What is the thousands digit of 2597?
2
What is the thousands digit of 39466?
9
What is the units digit of 207?
7
What is the hundreds digit of 775?
7
What is the units digit of 11875?
5
What is the units digit of 516?
6
What is the hundreds digit of 1952?
9
What is the units digit of 24282?
2
What is the tens digit of 9653?
5
What is the tens digit of 3040?
4
What is the thousands digit of 24709?
4
What is the hundreds digit of 40382?
3
What is the tens digit of 548?
4
What is the tens digit of 4635?
3
What is the tens digit of 53148?
4
What is the ten thousands digit of 12172?
1
What is the units digit of 2315?
5
What is the tens digit of 6836?
3
What is the units digit of 39488?
8
What is the tens digit of 7302?
0
What is the thousands digit of 3295?
3
What is the tens digit of 38765?
6
What is the tens digit of 3034?
3
What is the tens digit of 1131?
3
What is the thousands digit of 11632?
1
What is the hundreds digit of 2198?
1
What is the tens digit of 1295?
9
What is the hundreds digit of 3102?
1
What is the ten thousands digit of 47930?
4
What is the hundreds digit of 547?
5
What is the units digit of 100776?
6
What is the units digit of 115380?
0
What is the thousands digit of 94871?
4
What is the hundreds digit of 1730?
7
What is the units digit of 2420?
0
What is the units digit of 48207?
7
What is the tens digit of 8884?
8
What is the tens digit of 76?
7
What is the hundreds digit of 6453?
4
What is the tens digit of 2591?
9
What is the thousands digit of 2016?
2
What is the tens digit of 11010?
1
What is the units digit of 32376?
6
What is the thousands digit of 1179?
1
What is the hundreds digit of 464?
4
What is the ten thousands digit of 86470?
8
What is the tens digit of 2014?
1
What is the hundreds digit of 1537?
5
What is the tens digit of 8985?
8
What is the units digit of 181?
1
What is the ten thousands digit of 48570?
4
What is the units digit of 1692?
2
What is the tens digit of 426?
2
What is the hundreds digit of 24053?
0
What is the units digit of 546?
6
What is the units digit of 966?
6
What is the units digit of 936?
6
What is the hundreds digit of 2657?
6
What is the tens digit of 410?
1
What is the units digit of 4203?
3
What is the units digit of 20929?
9
What is the units digit of 418?
8
What is the hundreds digit of 496?
4
What is the hundreds digit of 680?
6
What is the thousands digit of 1347?
1
What is the units digit of 2488?
8
What is the ten thousands digit of 33022?
3
What is the tens digit of 9524?
2
What is the thousands digit of 1112?
1
What is the units digit of 57927?
7
What is the hundreds digit of 4273?
2
What is the hundreds digit of 762?
7
What is the units digit of 29076?
6
What is the units digit of 6443?
3
What is the units digit of 620?
0
What is the units digit of 106764?
4
What is the hundreds digit of 36258?
2
What is the thousands digit of 9520?
9
What is the units digit of 577?
7
What is the ten thousands digit of 14085?
1
What is the thousands digit of 3830?
3
What is the hundreds digit of 5845?
8
What is the tens digit of 912?
1
What is the hundreds digit of 130960?
9
What is the thousands digit of 9773?
9
What is the hundreds digit of 43410?
4
What is the thousands digit of 11762?
1
What is the hundreds digit of 4884?
8
What is the tens digit of 32?
3
What is the tens digit of 4320?
2
What is the ten thousands digit of 18455?
1
What is the hundreds digit of 175?
1
What is the tens digit of 880?
8
What is the units digit of 845?
5
What is the thousands digit of 1666?
1
What is the hundreds digit of 2615?
6
What is the tens digit of 288?
8
What is the tens digit of 3280?
8
What is the hundreds digit of 9801?
8
What is the units digit of 595?
5
What is the units digit of 1834?
4
What is the te